ded by 15?
14
Suppose 0 = 7*j + 7770 + 119. Calculate the remainder when j/(-9) - (-10)/(-45) is divided by 16.
13
Let y be (-2)/5 - (9 - 268/20). Suppose -5*w + 407 = 5*i - 403, 633 = y*w - i. Calculate the remainder when w is divided by 41.
36
Let o = -137 + 145. Suppose -1035 = -x - o*x. Suppose 5*s - x = -0*i - 5*i, 65 = 3*i + s. What is the remainder when 79 is divided by i?
16
Suppose z - 4*z = -147. Suppose -1581*d + 1640*d - 36281 + 1707 = 0. What is the remainder when d is divided by z?
47
Suppose -984 - 642 - 494 = -212*j. What is the remainder when 3499 is divided by j?
9
Let s(b) = 1. Let k(r) = -5*r + 17. Let l(x) = k(x) - 5*s(x). Suppose z - 9*z = 120. What is the remainder when l(z) is divided by 18?
15
Suppose 2*c = 3*u - 231, 142*c = 146*c - 12. Calculate the remainder when 977 is divided by u.
29
Let f = 4 - -26. Suppose 0 = -11*i - 87*i + 1772 - 8. Calculate the remainder when f is divided by i.
12
Let u be 452/9 + (-2)/9. Let w = -29 + u. Suppose -8*q + 5*q = -111. Calculate the remainder when q is divided by w.
16
Suppose -8 + 2 = -2*s. Suppose -5*q + 6*b = b + 15, -2*b = 4*q - 12. Suppose -x + y = q - 10, 0 = -3*x - 2*y + 47. What is the remainder when x is divided by s?
1
Suppose -10*n + 2121 = 11*n. Let u = n - 90. Calculate the remainder when 141 is divided by u.
9
Suppose 3*z = -4*o + 867, 1790*o = 1791*o. Calculate the remainder when 889 is divided by z.
22
Suppose -10110 = -624*j + 619*j. What is the remainder when j is divided by 23?
21
Let c(l) = -l**3 + 6*l**2 - 10*l + 16. Let o be c(4). Calculate the remainder when 56 is divided by 2*25 + (7 - -1)/o.
5
Let o = 242 - 178. Let f(m) = 22*m + 32. What is the remainder when f(10) is divided by o?
60
Suppose 48 + 1 = -v. Let j(x) = -9*x**3 - x - 1. Let s be j(-2). Let f = v + s. Calculate the remainder when 92 is divided by f.
20
Let t = 3338 - 3146. Calculate the remainder when 1538 is divided by t.
2
Suppose g - 3*l - 26 = 0, 5*g - 9*g = -2*l - 124. What is the remainder when g is divided by 19?
13
Suppose 4*t - g = -t + 245, -t = -2*g - 58. Calculate the remainder when 64 is divided by t.
16
Let f(b) = -b + 3. Let n be f(-1). Suppose n*h - 8 = 12. Suppose k = 36 - h. Calculate the remainder when 60 is divided by k.
29
Let d = -58 + 40. Let l = -7 - d. Let o = 8 + l. What is the remainder when o is divided by 5?
4
Suppose -134 = -2*q - 5*f, 0 = -2*q + 2*f - 21 + 169. Suppose -5*u = -5, -w - 2*u - 2*u + 60 = 0. Calculate the remainder when w is divided by q/(-32)*56/(-6).
14
Let j = -39 - -33. Calculate the remainder when (29 - -7)*(-2)/j is divided by ((-1)/(-6))/(8 - 478/60).
2
Let s(q) = q**3 - 91*q**2 + 171*q + 1071. What is the remainder when s(89) is divided by 31?
14
Let c be (-483062)/(-410) + 8/10. Suppose 38*m = c - 419. What is the remainder when 33 is divided by m?
13
Let r(f) = f**3 - 9*f**2 + 10*f - 6. Let c = -91 + 99. Let o be (12 + 4)*((-20)/c + 3). Calculate the remainder when r(o) is divided by 5.
0
Let d = -130 + 128. Let w = -1 - -20. What is the remainder when (-3)/12*d*184 is divided by w?
16
Let a = 77 + 23. Let r(b) = b**3 + 10*b**2 - a*b + 111*b - 4 + 3. What is the remainder when 115 is divided by r(-8)?
37
Let u = -170 + -50. Let w be (u/6)/(2/(-3)). Suppose -o - 4*v + 4 = -6, -2*o + w = v. What is the remainder when 116 is divided by o?
26
Suppose -351*f - 1600 = -8947 - 15117. Calculate the remainder when 322 is divided by f.
2
Let p(i) = 6*i + 2. Suppose 5*t - 7*u + 1423 = -9*u, 0 = -t + 2*u - 275. Let f = -188 - t. What is the remainder when f is divided by p(5)?
31
Let i(n) = -2*n**3 - 66*n**2 - 3*n - 43. Let o be i(-33). Suppose 22*m - o*m = -1292. Calculate the remainder when 184 is divided by m.
32
Calculate the remainder when (((-20056)/48)/23)/(4/(-2424)) is divided by 11.
9
Calculate the remainder when 1/(((-97125)/(-1542))/(-7) - -9) is divided by 175/15 + (-1)/(-3).
10
Let q = -104 - -44. Let a be (-4)/(-26) - q/208*-4. Calculate the remainder when 44 is divided by (11/5 + a)/((-8)/(-40)).
2
Suppose -3*y + 152 = 2*k + y, -3*y - 152 = -2*k. Suppose 24*s + 249 = -43*s + 1589. What is the remainder when k is divided by s?
16
Let m = 36 - -40. Suppose 2*l = -5*j + 2*j + 673, -j = 2*l - 223. What is the remainder when j is divided by m?
73
Suppose j - 4*j = -12. Suppose 6*x = 5*x - 4*q + 380, -2*q = x - 388. Suppose -18*k - x = -36*k. What is the remainder when k is divided by j?
2
Suppose 0 = -2*h - 8, -5*s - h + 7 + 344 = 0. Suppose 0 = -3*n + 5 + 22. What is the remainder when s is divided by n?
8
Let h(t) = -23*t**2 - 1046*t + 98. Calculate the remainder when 1196 is divided by h(-45).
10
Let n(x) = x**2 - 3*x + 3. Let m be (-2 - -8)/3*-2. Let o(y) = 122*y**3 - 2*y**2 - 2*y + 5. What is the remainder when o(1) is divided by n(m)?
30
Let g(i) = 15*i**2 - 1. Let d(m) = -m**3 - 18*m**2 - 2*m + 1. Let n = -252 + 234. What is the remainder when d(n) is divided by g(1)?
9
Let f(p) = 6*p - 3. Let l be (3 - 4)/(9/(-27)). Suppose -l*r + 174 = -66. Calculate the remainder when r is divided by f(4).
17
Let k = 3055 - 2632. What is the remainder when k is divided by 30?
3
Suppose 3*i - j - 7 = 0, j = -3*i - 3*j - 13. Let o(y) = 15*y**2 - 5*y + 3. Calculate the remainder when 50 is divided by o(i).
11
Let p(o) = o**3 - 8*o**2 - 21*o + 10. Let g be p(10). Suppose w = g, 5*w - 2 + 14 = 2*x. What is the remainder when 370 is divided by x?
4
Let k(b) = -b**3 - 41*b**2 - 92*b - 93. What is the remainder when k(-39) is divided by 88?
13
What is the remainder when 1020 is divided by (-30 - -45) + (-78)/(-2)?
48
Suppose 6*p = p - 225. Suppose -169*z + 44*z + 38*z = -696. Calculate the remainder when z is divided by 2/9 + (-170)/p.
0
Suppose 156*s - 142*s + 196 = 0. Let j = -32 - -46. What is the remainder when (6 - (-105)/s)*-16 is divided by j?
10
Let h be 1*(-1)/2*0. Suppose -3*z + 0*z + 75 = h. Suppose -196*s - 1131 = -211*s + 729. What is the remainder when s is divided by z?
24
Suppose -2*t - 132 + 584 = 4*u, 5*t + 4*u - 1124 = 0. Suppose 22*w - 4162 = -t. Calculate the remainder when w is divided by 63.
53
Let u = 278 - 190. Suppose 29 = r - n, -5*n + 2*n = 4*r - u. Let l = 114 + -42. What is the remainder when l is divided by r?
22
Let w(p) = -30*p + 357. Calculate the remainder when 545 is divided by w(6).
14
Suppose 3*x - 294 = -3*s, s - 5*x - 266 + 162 = 0. What is the remainder when 295 is divided by s?
97
Let x(s) = 331*s**2 + 348*s - 349. Calculate the remainder when x(1) is divided by 81.
6
Suppose -6*i = -13*i - 42*i + 67914. Calculate the remainder when i is divided by 12.
6
Let q(b) = b**2 + 42*b - 157. What is the remainder when q(-48) is divided by 18?
5
Suppose 3*l - 7 = -2*d - 2, -l + 4*d = -11. Let p = -1541 + 1537. Calculate the remainder when 39 is divided by l + (3 + p - -6).
7
Let z be (-1703)/3 - 24/180*-5. What is the remainder when 123 is divided by ((-1)/1)/((-7)/z*-3)?
15
Suppose -42*g + 2295 = 294 + 321. What is the remainder when 18275 is divided by g?
35
Let z(r) = -r**3 + 18*r**2 + r - 12. Let c be 1*514 + (25 - 27). Let a be 4 - (c/(-36) + (-6)/(-27)). What is the remainder when 39 is divided by z(a)?
3
Suppose 7*l = 451 + 263. Let s = -87 + l. Calculate the remainder when 1/(-4) + 237/4 is divided by s.
14
Let a(q) = -48*q - 493. Let l(o) = o**2 + 5*o + 2. Let g be l(-5). What is the remainder when a(-12) is divided by 1/g*(-204)/(-6)?
15
Let v = 156 + -150. Calculate the remainder when (1278/27)/(v/9) is divided by 29.
13
Suppose 2*v - 24 = 202 - 8. What is the remainder when 4576 is divided by v?
107
Let d = 6898 + -6741. What is the remainder when 419 is divided by d?
105
Suppose -7*t + 994 = 4*b, -3*t = 3*b + 2*b - 449. What is the remainder when t is divided by 14?
12
Let r = -3632 - -3807. Calculate the remainder when r is divided by 17.
5
Let c(j) = -2*j - 58. Let r be c(-25). Let m = r + 30. Calculate the remainder when m is divided by 9.
4
Suppose -k + 5*k + 4*d = 24, 3*k - 6 = d. Suppose k = -p, -r + 39 = 3*r - 5*p. Calculate the remainder when 61 is divided by (-2)/(-4)*12/r + 31.
29
Let h = -8 + 2. Let n(c) = 17*c**3 - 5*c**2 - 8*c**3 + 2*c - 8*c**3 - 2*c**3 + 18 + 4*c. What is the remainder when 68 is divided by n(h)?
14
Suppose o = -3 + 38. Suppose -13*u + 5*u + 4880 = 12*u. What is the remain